1*m - 4. What is v(-10)?
-14
Let g(j) = -25*j**3 + 2*j - 1. What is g(1)?
-24
Let n(o) = 7*o + 5. Give n(-4).
-23
Let s(i) = 7*i - 53. Give s(18).
73
Let i(o) = -o + 15. Determine i(16).
-1
Let q(h) = h - 3. Calculate q(-20).
-23
Let v(w) = -w**2 - 7*w + 20. Determine v(-9).
2
Let t(j) = -j**3 - 3*j**2 - j - 6. Give t(-4).
14
Let m(k) = k**3 - 10*k**2 + 10*k - 3. Give m(7).
-80
Let y(z) = -6*z**2 + z. What is y(2)?
-22
Let l(k) = -k**3 + 9*k**2 + 20*k + 8. What is l(11)?
-14
Let l(a) = -a**3 + 9*a**2 - 13. Determine l(9).
-13
Let u(v) = -2*v + 8. Give u(0).
8
Let h(c) = -c**3 + c - 8. What is h(2)?
-14
Let q(r) = r**2 + 3*r + 1. Calculate q(-5).
11
Let c(g) = 5*g**2 - 22*g + 8. What is c(5)?
23
Let m(z) = 29*z + 30. Determine m(-1).
1
Let o(g) = -g**2 - 37*g + 125. Calculate o(-40).
5
Let h(y) = 45*y + 492. Determine h(-11).
-3
Let r(p) = -6*p + 2. Give r(1).
-4
Let j(s) = 14*s + 1. Give j(-2).
-27
Let z(k) = 2*k - 6. What is z(-6)?
-18
Let i(r) = -r**3 + 29*r**2 - 32*r + 101. Give i(28).
-11
Let a(g) = -g**3 + 14*g**2 + 14*g + 13. Give a(15).
-2
Let a(b) = b**3 + 37*b**2 - 78*b + 6. Determine a(-39).
6
Let j(f) = -5*f**2 + 366*f - 75. Give j(73).
-2
Let j(m) = -2*m**3 + 22*m**2 - 9*m. What is j(11)?
-99
Let w(s) = 2*s - 18. What is w(0)?
-18
Let i(p) = p**3 - 4*p**2 - 2*p - 4. Calculate i(5).
11
Let n(z) = -z - 12. Give n(-14).
2
Let w(r) = r**2 + 82*r - 1023. Give w(-93).
0
Let h(m) = -2*m**2 - 22*m + 15. Determine h(-10).
35
Let t(i) = 4*i**3 + 26*i**2 - 12*i + 17. Determine t(-7).
3
Let h(t) = t**2 - 14*t + 4. Give h(13).
-9
Let s(o) = 5*o**2 - 3. Calculate s(-1).
2
Let o(d) = d - 5. Calculate o(-4).
-9
Let z(k) = -k**2 - k - 53. Calculate z(0).
-53
Let x(m) = 4*m - 5. Calculate x(-8).
-37
Let b(p) = p**2 + 19*p - 10. Give b(-20).
10
Let y(p) = -p**3 - 8*p**2 - p + 11. Give y(-8).
19
Let q(s) = s + 15. Determine q(-6).
9
Let j(g) = -g**2 - 6*g + 5. Give j(-6).
5
Let a(s) = -3*s**3 + 16*s**2 - 3*s + 12. Give a(5).
22
Let n(a) = -3*a + 38. Give n(21).
-25
Let b(k) = k**2 - 4*k - 3. What is b(6)?
9
Let d(r) = r**2 + 3*r - 7. Determine d(3).
11
Let q(x) = -x**2 - 15*x - 29. Give q(-13).
-3
Let o(f) = -5*f - 36. Calculate o(-7).
-1
Let p(q) = -3*q**2 - 14*q - 15. Calculate p(-6).
-39
Let d(p) = 31*p - 739. Determine d(24).
5
Let a(y) = -4*y - 32. Determine a(-16).
32
Let c(j) = -18*j**3 + 3*j - 4. Give c(1).
-19
Let c(f) = f**2 - 3*f. Give c(-3).
18
Let z(j) = j**3 + 2*j**2 + j + 18. Calculate z(-4).
-18
Let i(q) = -8*q + 148. Determine i(19).
-4
Let l(h) = -3*h + 8. Determine l(6).
-10
Let z(j) = 8*j - 193. Calculate z(25).
7
Let g(y) = 5*y - 83. Give g(17).
2
Let l(r) = r**2 - 28*r - 8. What is l(28)?
-8
Let j(s) = -s - 5. Determine j(-13).
8
Let j(p) = p**3 + 4*p**2 - 11*p - 4. Calculate j(-6).
-10
Let m(r) = r**2 + 20*r - 25. What is m(-22)?
19
Let h(d) = d**3 - d**2 - 2*d - 3. Determine h(3).
9
Let i(v) = v**3 + 12*v**2 - 14*v + 8. Give i(-13).
21
Let j(x) = -14*x - 168. What is j(-15)?
42
Let j(z) = 2*z**2 - 15*z + 11. Calculate j(6).
-7
Let q(d) = -d**3 - 3*d**2 - 2*d - 8. Give q(-3).
-2
Let j(c) = c**3 - c**2 + c - 16. Determine j(0).
-16
Let m(k) = -k**3 + 24*k**2 + 19*k - 31. Calculate m(25).
-181
Let x(c) = -2*c**2 - 5*c - 2. What is x(-3)?
-5
Let m(j) = -j**3 + 6*j**2 - 12*j + 2. Give m(2).
-6
Let b(q) = -53*q - 259. Give b(-5).
6
Let n(c) = 8*c + 4. Calculate n(2).
20
Let l(r) = r**3 + r - 1. Calculate l(1).
1
Let s(r) = 55*r + 270. Calculate s(-5).
-5
Let i(r) = 3*r + 41. Give i(-17).
-10
Let o(v) = -v**2 + 13*v - 12. What is o(10)?
18
Let c(d) = d**3 + 4*d**2 + d. Calculate c(-5).
-30
Let s(c) = c**3 + 7*c**2 - 3*c - 1. Calculate s(-7).
20
Let x(d) = 17*d - 22. Give x(1).
-5
Let x(b) = b + 15. What is x(-7)?
8
Let a(g) = -g**2 - 9*g - 2. Calculate a(-9).
-2
Let z(q) = -14*q - 7. What is z(-1)?
7
Let s(y) = -y**3 + 13*y**2 - 24*y - 2. Calculate s(11).
-24
Let y(p) = -15*p + 1. Give y(2).
-29
Let i(q) = q**3 + 9*q**2 + 9*q + 16. Calculate i(-8).
8
Let w(x) = -x**3 + 4*x**2 + 3*x + 12. What is w(5)?
2
Let h(z) = 2*z - 25. Determine h(15).
5
Let w(l) = -l**3 + 11*l**2 + 9*l + 28. Give w(12).
-8
Let g(r) = -r**2 + 8*r + 13. Give g(9).
4
Let k(p) = 3*p - 2. Determine k(6).
16
Let p(u) = 8*u - 6. What is p(5)?
34
Let b(v) = v**2 + 16*v - 28. Calculate b(-18).
8
Let f(k) = 3*k**3 - 72*k**2 - 4*k + 91. Determine f(24).
-5
Let r(j) = j - 95. Determine r(21).
-74
Let w(z) = 2*z - 9. Give w(8).
7
Let k(u) = u**2 + u - 42. Calculate k(-8).
14
Let x(j) = -j**2 + j + 7. What is x(-3)?
-5
Let t(l) = 8*l + 4. Calculate t(5).
44
Let t(p) = 30*p + 3. What is t(-1)?
-27
Let b(j) = 75*j**3 + 3*j**2 - 5*j + 2. Determine b(1).
75
Let y(c) = 6*c - 2. What is y(1)?
4
Let o(x) = 6*x - 6. Determine o(0).
-6
Let r(u) = -4*u**2 - 2*u - 4. What is r(-3)?
-34
Let c(b) = -b**3 - 26*b**2 + 87*b + 4. Give c(-29).
4
Let h(m) = -m**3 + 13*m**2 - 9*m - 136. Calculate h(11).
7
Let w(j) = -2*j**2 - 59*j - 103. Determine w(-28).
-19
Let c(z) = -2*z**2 - 20*z + 1. What is c(-7)?
43
Let m(t) = 22*t - 178. Give m(8).
-2
Let o(d) = -d - 17. What is o(-8)?
-9
Let x(j) = -j**3 - 2*j**2 - 6. Calculate x(3).
-51
Let q(j) = -4*j**3 + 5*j**2 + 8*j + 4. Determine q(-3).
133
Let s(b) = -3*b**2 - 84*b - 5. Determine s(-28).
-5
Let f(j) = 87*j**3 - j**2 - j - 1. Calculate f(-1).
-88
Let g(l) = 83*l - 334. Determine g(4).
-2
Let j(w) = -w**3 - 6*w**2 - 8*w - 8. What is j(-5)?
7
Let k(s) = s**3 - 13*s**2 + 34*s - 7. Give k(9).
-25
Let d(s) = -s**3 + 4*s**2 + 4*s - 6. Give d(5).
-11
Let z(n) = -34*n**2 - 4*n + 2. Calculate z(1).
-36
Let q(n) = -4*n**3 - 2*n + 1. Give q(1).
-5
Let c(x) = -x**3 - 9*x**2 + 8*x + 4. Calculate c(-10).
24
Let j(h) = -3*h**3 - h**2 - 2*h - 8. What is j(0)?
-8
Let l(x) = 4*x - 7. What is l(12)?
41
Let b(v) = v**3 - 25*v**2 + 11*v + 316. Determine b(24).
4
Let x(v) = -v + 43. Determine x(36).
7
Let u(b) = -3*b**2 - 10*b + 2. Give u(-3).
5
Let y(c) = -c**3 - 2*c**2 - 4*c + 51. Give y(0).
51
Let a(f) = 12*f + 35. Give a(-5).
-25
Let a(f) = 3*f**2 - 42*f + 9. Determine a(14).
9
Let h(x) = 19*x + 2. Calculate h(-10).
-188
Let x(m) = m**3 - 7*m**2 + 3*m + 16. Give x(6).
-2
Let w(y) = 6*y + 104. What is w(-18)?
-4
Let p(o) = -20*o + 3. Calculate p(0).
3
Let g(v) = v**2 - 9*v - 13. Determine g(9).
-13
Let g(t) = t**3 + 4*t**2 - 2*t - 4. What is g(-5)?
-19
Let w(y) = -y**2 + 6*y - 3. What is w(5)?
2
Let x(d) = d**2 + 4*d - 17. Give x(-7).
4
Let m(a) = -a**2 + a - 25. Determine m(0).
-25
Let k(t) = 67*t**2. What is k(1)?
67
Let d(r) = r**3 + r**2 - 11*r + 11. Determine d(5).
106
Let l(y) = 2*y**2 - 34*y + 87. Calculate l(14).
3
Let o(c) = -c**3 - 9*c**2 - 20*c - 44. Calculate o(-7).
-2
Let d(o) = -57*o - 621. What is d(-11)?
6
Let z(j) = j**2 + j + 4. Calculate z(4).
24
Let h(q) = -q**3 - 31*q**2 - 84*q. Calculate h(-28).
0
Let t(u) = -u**3 + 6*u**2 + 20*u - 117. What is t(7)?
-26
Let o(k) = -2*k**3 + 56*k**2 - k + 21. Calculate o(28).
-7
Let i(k) = -k - 17. Calculate i(-11).
-6
Let v(a) = a**3 - 6*a**2 - a + 2. What is v(6)?
-4
Let k(y) = -y**3 + 6*y**2 - 3*y + 13. Determine k(6).
-5
Let v(p) = p**3 - 25*p**2 + 115*p - 18. Give v(19).
1
Let i(n) = -n**3 + 8*n**2 - 14*n + 11. Give i(5).
16
Let v(z) = -60*z**2 - 2*z + 3. Determine v(1).
-59
Let a(u) = u**3 - 22*u**2 - u + 7. What is a(22)?
-15
Let c(u) = -u + 40. What is c(19)?
21
Let o(u) = 14*u - 10. Calculate o(1).
4
Let j(d) = -10*d**2 + d + 1. Calculate j(1).
-8
Let j(s) = -2*s**2 + 16*s - 42. What is j(4)?
-10
Let c(h) = h**2 + 2*h + 20. Determine c(0).
20
Let f(s) = -16*s - 1. What is f(-3)?
47
Let y(p) = 35*p**2. What is y(-1)?
35
Let m(b) = b**3 + 10*b**2 - 12*b + 6. Determine m(-11).
17
Let y(f) = f**3 - 13*f**2 + 8*f - 4. Calculate y(12).
-52
Let x(v) = v**3 - 6*v**2 - 6*v - 3. Give x(7).
4
Let v(t) = -3*t + 2. Give v(-10).
32
Let w(d) = 2*d**2 + 18*d + 13. Calculate w(-8).
-3
Let v(m) = -8*m - 1. What is v(-2)?
15
Let i(a) = a**3 + 3*a**2 + 5*a. Calculate i(-2).
-6
Let a(l) = l**2 + 4*l - 4. Give a(3).
17
Let f(a) = 2*a**2 - 36*a - 33. What is f(19)?
5
Let b(k) = k**3 - 3*k**2 - 3*k + 7. What is b(3)?
-2
Let n(p) = 6*p**3 - 4*p**2 + 7*p - 5. Give n(2).
41
Let x(w) = -w**2 + 50*w - 453. Give x(38).
3
Let i(g) = -9*g + 48. Determine i(5).
3
Let c(t) = -7*t - 36. What is c(-5)?
-1
Let s(n) = -2*n + 12. Dete